{"id":24386,"date":"2020-01-15T00:00:00","date_gmt":"2020-01-15T05:00:00","guid":{"rendered":"https:\/\/www.diabete.qc.ca\/protocole-medical-en-diabete-de-linesss-2\/"},"modified":"2024-09-23T07:28:01","modified_gmt":"2024-09-23T11:28:01","slug":"protocole-medical-en-diabete-de-linesss","status":"publish","type":"page","link":"https:\/\/www.diabete.qc.ca\/en\/protocole-medical-en-diabete-de-linesss\/","title":{"rendered":"INESSS: Protocole m\u00e9dical national &#8211; Ajustement de la m\u00e9dication antidiab\u00e9tique dans le diab\u00e8te de type 2"},"content":{"rendered":"<div class=\"classic-block\">L&#8217;Institut national d&#8217;excellence en sant\u00e9 et services sociaux (INESSS) propose un protocole m\u00e9dical national pour l&#8217;ajustement de la m\u00e9dication antidiab\u00e9tique dans le diab\u00e8te de type 2 ainsi que des analyses de laboratoire pour le suivi du diab\u00e8te de type 2.<\/p>\n<p>Mise \u00e0 jour: Avril 2022<\/p>\n<p>Pour consulter le document, <a href=\"https:\/\/www.inesss.qc.ca\/fileadmin\/doc\/INESSS\/Ordonnances_collectives\/Diabete\/INESSS_Protocole-ajustement-antidiabetiques.pdf\" target=\"_blank\" rel=\"noopener noreferrer\">cliquez ici<\/a>.<\/div>\n","protected":false},"excerpt":{"rendered":"<p>L&#8217;Institut national d&#8217;excellence en sant\u00e9 et services sociaux (INESSS) propose un protocole m\u00e9dical national pour l&#8217;ajustement de la m\u00e9dication antidiab\u00e9tique dans le diab\u00e8te de type 2 ainsi que des analyses de laboratoire pour le suivi du diab\u00e8te de type 2. Mise \u00e0 jour: Avril 2022 Pour consulter le document, cliquez ici.<\/p>\n","protected":false},"author":1,"featured_media":0,"parent":0,"menu_order":117,"comment_status":"closed","ping_status":"open","template":"","meta":{"_acf_changed":false,"_relevanssi_hide_post":"","_relevanssi_hide_content":"","_relevanssi_pin_for_all":"","_relevanssi_pin_keywords":"","_relevanssi_unpin_keywords":"","_relevanssi_related_keywords":"","_relevanssi_related_include_ids":"","_relevanssi_related_exclude_ids":"","_relevanssi_related_no_append":"","_relevanssi_related_not_related":"","_relevanssi_related_posts":"7588,15514,32022,12718,12767,12765","_relevanssi_noindex_reason":"","footnotes":""},"class_list":["post-24386","page","type-page","status-publish","hentry"],"acf":[],"_links":{"self":[{"href":"https:\/\/www.diabete.qc.ca\/en\/wp-json\/wp\/v2\/pages\/24386","targetHints":{"allow":["GET"]}}],"collection":[{"href":"https:\/\/www.diabete.qc.ca\/en\/wp-json\/wp\/v2\/pages"}],"about":[{"href":"https:\/\/www.diabete.qc.ca\/en\/wp-json\/wp\/v2\/types\/page"}],"author":[{"embeddable":true,"href":"https:\/\/www.diabete.qc.ca\/en\/wp-json\/wp\/v2\/users\/1"}],"replies":[{"embeddable":true,"href":"https:\/\/www.diabete.qc.ca\/en\/wp-json\/wp\/v2\/comments?post=24386"}],"version-history":[{"count":2,"href":"https:\/\/www.diabete.qc.ca\/en\/wp-json\/wp\/v2\/pages\/24386\/revisions"}],"predecessor-version":[{"id":34194,"href":"https:\/\/www.diabete.qc.ca\/en\/wp-json\/wp\/v2\/pages\/24386\/revisions\/34194"}],"wp:attachment":[{"href":"https:\/\/www.diabete.qc.ca\/en\/wp-json\/wp\/v2\/media?parent=24386"}],"curies":[{"name":"wp","href":"https:\/\/api.w.org\/{rel}","templated":true}]}}

INESSS: Protocole médical national &#8211; Ajustement de la médication antidiabétique dans le diabète de type 2

<div class="classic-block">L&#8217;Institut national d&#8217;excellence en santé et services sociaux (INESSS) propose un protocole médical national pour l&#8217;ajustement de la médication antidiabétique dans le diabète de type 2 ainsi que des analyses de laboratoire pour le suivi du diabète de type 2.</p>
<p>Mise à jour: Avril 2022</p>
<p>Pour consulter le document, <a href="https://www.inesss.qc.ca/fileadmin/doc/INESSS/Ordonnances_collectives/Diabete/INESSS_Protocole-ajustement-antidiabetiques.pdf" target="_blank" rel="noopener noreferrer">cliquez ici</a>.</div>

<p>L&#8217;Institut national d&#8217;excellence en santé et services sociaux (INESSS) propose un protocole médical national pour l&#8217;ajustement de la médication antidiabétique dans le diabète de type 2 ainsi que des analyses de laboratoire pour le suivi du diabète de type 2. Mise à jour: Avril 2022 Pour consulter le document, cliquez ici.</p>
